 the highest common divisor of 11 and o?
11
Let k be -2*3*28/(-12). Let t = 21 + -14. What is the highest common divisor of k and t?
7
Suppose -64 = 3*t - 7*t. Calculate the highest common factor of 32 and t.
16
Suppose 3*g - 101 = 142. What is the highest common divisor of g and 9?
9
Suppose 4*q - 6*q = -10. Suppose -q*m + 218 + 177 = 5*b, -5*m + 315 = 4*b. What is the greatest common factor of 10 and b?
10
Let f = -15 - -9. Let m(y) = 2*y + 5. Let v be m(f). Let w = 16 + v. What is the highest common divisor of 27 and w?
9
Let f(u) = -46*u**3 - 2*u**2 + 2*u - 1. Let l be f(1). Let r be (3 - 2) + (0 - l). Suppose 0 = q + 2*q - r. Calculate the highest common divisor of q and 40.
8
Let s = 34 + 6. Let r(a) = a**3 + 5*a**2 - 6*a + 4. Let m be r(-5). Let i = m - 18. Calculate the highest common factor of s and i.
8
Let n be (-14)/(-35) + (-954)/(-15) + 0. What is the highest common factor of 8 and n?
8
Let r(c) = c**3 - c + 25. Let i be r(0). Let q = i + -15. Calculate the highest common factor of 60 and q.
10
Suppose -m + 5*m - 22 = -3*s, 2*m - 32 = -5*s. Let u(p) = 10*p + 8. Let b be u(4). Calculate the highest common factor of b and s.
6
Let h be 1/3 + (-460)/(-6). Let o be (6 + 1)*8/14. Let c be (21/6)/(2/o). Calculate the highest common divisor of c and h.
7
Let y(r) = r**3 + 8*r**2 - 2*r - 6. Let m = 24 + -32. Let u be y(m). What is the highest common divisor of u and 1?
1
Let b(j) = -j**2 + 9. Let c be b(0). Suppose -3*u = -4*p + c - 33, u - 3*p - 13 = 0. Calculate the highest common factor of u and 12.
4
Suppose 4*b - 3*b - 37 = 0. Let q = -21 + b. Suppose -q = -4*i + 8. Calculate the greatest common factor of 66 and i.
6
Suppose 20 = o - d, -5*d - 68 = -3*o - 4*d. What is the greatest common divisor of o and 24?
24
Let x(s) = -s**3 + 5*s**2 + 4*s - 17. Let j be x(4). Suppose 3*u = 3*z - 15, 0*u - 26 = -4*z - 2*u. Calculate the greatest common divisor of z and j.
3
Let t = 17 + 48. What is the greatest common divisor of t and 26?
13
Let n be (1 + -2)*(-3 - 17). Calculate the highest common factor of n and 180.
20
Suppose -p = 2*p + 30. Let t be (-4*(1 + -5))/(-1). Let h = p - t. What is the greatest common divisor of 18 and h?
6
Suppose -3*t = 2*t + 4*i - 534, 2*i = -8. Calculate the greatest common divisor of t and 10.
10
Let x = 37 + -19. Suppose 3*b - x - 32 = -5*k, 4*k = -b + 26. Let j = b + -5. Calculate the greatest common divisor of 40 and j.
5
Let i be (-3 + (-35)/(-14))/(1/(-26)). Let w(u) = 23*u + 5. Let c be w(6). What is the highest common factor of i and c?
13
Suppose -4*j + 2*j - 14 = -2*z, -2*z - 2*j = 6. Suppose z*g + 4 - 14 = 0. What is the greatest common factor of g and 5?
5
Suppose 0 = -b + 5*b - 4428. Suppose 5*p = -3*z + 1048, 5*p - b = -z - 61. Calculate the highest common divisor of 19 and p.
19
Let i(c) = c**3 + 5*c + 2. Let t be i(5). Let o be (29/(0 - -1))/(-1). Let v = -10 - o. Calculate the greatest common divisor of v and t.
19
Let w = -17 + 115. What is the greatest common divisor of 14 and w?
14
Let z(a) = -a**3 - 6*a**2 - 4*a + 4. Let r be z(-6). What is the greatest common divisor of r and 4?
4
Let t(c) = -c**3 + 10*c**2 - 14*c - 13. Let v be t(7). Calculate the greatest common factor of 12 and v.
12
Let d(f) = f**3 - 11*f**2 + 10*f + 8. Let w be d(10). What is the highest common factor of w and 88?
8
Suppose -2*f + 5*y = -0 - 6, 5*f + 3*y - 46 = 0. Calculate the greatest common factor of 1 and f.
1
Suppose 38 = -2*b + 2*l - 0*l, 0 = -4*l. Let n = 1 - b. What is the greatest common divisor of n and 50?
10
Suppose 408 = 50*r - 48*r. Calculate the highest common factor of r and 34.
34
Let q(a) = 5*a - 6. Let z be q(4). Let g = 117 - -61. Suppose 0 = y - 2*w - 46, -6*w = 3*y - 4*w - g. What is the greatest common factor of z and y?
14
Let l(a) = -3*a + 5*a - 4*a + 3*a - 1. Let o be l(2). Let s = -8 + 11. Calculate the greatest common factor of s and o.
1
Let i(x) = -3*x - 6. Let d(l) = -2*l - 4. Let u(c) = -7*d(c) + 5*i(c). Let t be u(-13). What is the highest common factor of 11 and t?
11
Suppose 5*z - 2*z = 210. Let u = z - 50. Let n = 50 - u. Calculate the highest common factor of 20 and n.
10
Suppose -2*p - 28 = -0*p. Let u be (-216)/(-21) - (-4)/p. Let c be 476/6 + (-4)/(-6). What is the greatest common divisor of u and c?
10
Let k = -18 - -31. Let s(b) = -12*b - 5. Let r = 9 + -17. Let n be s(r). What is the greatest common factor of n and k?
13
Let z be (-36)/48 - 67/(-4). Suppose 0*p + 5*p - 10 = 0. Calculate the highest common factor of z and p.
2
Let o be (-1)/(-2) + 5/(-10). Suppose -4*d + 60 = -o*d. Calculate the highest common factor of d and 15.
15
Let j = 58 + -34. Suppose 248 = 4*o + 8. What is the highest common divisor of j and o?
12
Suppose 0 = 5*v + 42 - 147. Calculate the highest common factor of v and 49.
7
Suppose 1 = -2*p - 1. Let m = -3 + p. Let h be (-10)/m*8/10. Calculate the highest common factor of 4 and h.
2
Let a be 5 - 48/9 - 122/(-6). What is the greatest common factor of a and 70?
10
Suppose 0 = 5*q - 37 - 18. Suppose -2*r + q = -51. Calculate the highest common divisor of r and 155.
31
Let l be (1 - 4/8) + (-172)/(-8). Let o(i) = 2*i**2. Let j be o(-1). Suppose -j*v = -11 - 11. Calculate the highest common divisor of l and v.
11
Suppose -8*r + 220 = -4*r - 2*u, -3*r + 4*u + 170 = 0. Suppose 3*t - r = 90. What is the greatest common factor of t and 32?
16
Let l be (-384)/(1 + 2) - -2. Let d = -90 - l. Suppose 4*x - 7*x = -d. Calculate the greatest common divisor of x and 3.
3
Suppose 130 = 2*r - 160. Calculate the greatest common factor of 58 and r.
29
Let j = 8 + -3. Let s(t) = t + 5. Let l be s(j). Calculate the highest common divisor of 70 and l.
10
Let q(f) = f**2 - 4. Let t be q(-5). Let b(i) = i**3 + 7*i**2 + 5*i - 3. Let z be b(-6). What is the greatest common divisor of z and t?
3
Suppose -2*f + 6 = -4*o, f + 2 - 5 = -4*o. Let q be 5 + (-3)/6*o. What is the highest common factor of q and 40?
5
Let p(a) = a**3 + 8*a**2 + a - 3. Let m be p(-6). Let y be (-23)/(-3) - (-2)/(-3). What is the highest common factor of m and y?
7
Suppose -14 - 12 = -2*l. Let g = l + -8. Suppose -g*t + 15 = -2*t. Calculate the highest common factor of 2 and t.
1
Let z = -84 + 147. Calculate the highest common divisor of z and 7.
7
Let d = -31 + 40. Calculate the highest common divisor of 27 and d.
9
Suppose -2*b + 274 = b - 2*o, -4*o - 108 = -b. What is the highest common factor of b and 11?
11
Suppose -s = 2*s - 24. What is the greatest common divisor of 4 and s?
4
Suppose 0 = 2*a + 3*a - 300. Let j be ((-8)/(-4))/(2/9). Let c(d) = d**3 - 10*d**2 + 10*d + 11. Let v be c(j). Calculate the greatest common factor of v and a.
20
Let t be (51/(-9))/(2/(-36)). Calculate the greatest common divisor of t and 68.
34
Suppose 0 = 5*q - 3*f - 11, -4*f = 4*q - 2*f. Let p = 0 + q. Calculate the highest common factor of 11 and p.
1
Suppose 9*q - 28 = 4*q + 2*r, 5*q = -3*r + 33. Suppose 0 = m - 2 - q. Let b = -17 + 29. What is the highest common factor of b and m?
4
Suppose n + 1 = -m, -3*m + 7 + 0 = n. What is the highest common factor of m and 12?
4
Let x(l) = -7*l**2 - 37 + l**3 + 41 + 3*l - 4*l + 3*l. Let a be x(7). Let r(h) = -h**2 + 18. Let k be r(0). Calculate the highest common divisor of a and k.
18
Suppose 0 = -2*b - 5 + 49. Let r = 15 + 40. What is the greatest common factor of b and r?
11
Suppose 4*o + 28 = 8*o. Suppose 11*z - 96 = o*z. Let i(f) = 4*f**2 + f - 1. Let x be i(1). Calculate the highest common factor of x and z.
4
Let x(r) be the third derivative of r**4/24 + 3*r**3 - 2*r**2. Let k be x(-11). What is the greatest common factor of 77 and k?
7
Let g(t) = -5*t - 1. Let d be g(-2). What is the greatest common divisor of d and 3?
3
Let s(p) = p**3 - 7*p**2 - 7*p + 2. Let k be s(8). Calculate the greatest common factor of k and 15.
5
Let c be 39*(2/2 + 0). Let q(i) = -i**3 + 3*i. Let o be q(-4). Suppose -3*r = -7*r + o. What is the greatest common factor of c and r?
13
Let d(s) = s**2 + s - 3. Let v be d(-4). Let k = v - 4. Let w be 3 + 2/(-4)*-14. What is the highest common divisor of k and w?
5
Let t(h) = -h**3 - 15*h**2 - 18*h - 22. Let s be t(-14). Calculate the greatest common divisor of s and 85.
17
Let v = -129 + 219. Let p(l) = -l**2 - l - 20. Let f be p(0). Let i = -10 - f.